{"id":2142,"date":"2017-05-26T08:45:42","date_gmt":"2017-05-26T07:45:42","guid":{"rendered":"http:\/\/atemstimmen.ch\/wp01\/?page_id=2142"},"modified":"2026-02-12T10:33:09","modified_gmt":"2026-02-12T09:33:09","slug":"alavoix-atemstimmen-startseite","status":"publish","type":"page","link":"https:\/\/alavoix.com\/wp01\/","title":{"rendered":"Alavoix Atemstimmen"},"content":{"rendered":"<div class=\"wpb-content-wrapper\">[vc_row][vc_column css=&#8220;.vc_custom_1585239211942{padding-top: 24px !important;}&#8220;][vc_column_text font_family=&#8220;Julius Sans One&#8220; font_size=&#8220;28&#8243;]<span style=\"font-family: Julius Sans One; font-size: 28px;\">Herzlich willkommen bei Alavoix Atemstimmen<\/span>[\/vc_column_text][\/vc_column][\/vc_row][vc_row][vc_column width=&#8220;1\/3&#8243;][vc_row_inner][vc_column_inner css=&#8220;.vc_custom_1553442082819{margin-top: 100px !important;}&#8220;][vc_column_text css=&#8220;.vc_custom_1765352392170{padding-left: 60px !important;}&#8220;]l\u00f6sen<br \/>\n*<br \/>\nentwickeln<br \/>\n*<br \/>\nheilen[\/vc_column_text][\/vc_column_inner][\/vc_row_inner][\/vc_column][vc_column width=&#8220;1\/3&#8243;][vc_column_text css=&#8220;&#8220;]<strong><span style=\"font-family: Telex; font-size: 16px;\">Praxis und Atelier<\/span><\/strong><\/p>\n<p><span style=\"font-family: Telex; font-size: 14px;\"><strong>Komplement\u00e4rtherapie<\/strong><\/span><br \/>\n<span style=\"font-family: Telex; font-size: 14px;\">Atemtherapie Middendorf<\/span><br \/>\n<span style=\"font-family: Telex; font-size: 14px;\">Ganzheitlich-integrative Atemtherapie<br \/>\n(Institut f\u00fcr k\u00f6rperzentrierte Psychotherapie)<\/span><\/p>\n<p><span style=\"font-family: Telex; font-size: 14px;\"><strong>Lebe in Frieden<\/strong><\/span><br \/>\n<span style=\"font-family: Telex; font-size: 14px;\">Ganzheitliche Lebensbegleitung<\/span><\/p>\n<p><span style=\"font-family: Telex; font-size: 14px;\"><strong>Numerologie<\/strong><\/span><\/p>\n<p><strong><span style=\"font-family: Telex; font-size: 14px;\">Supervision komplement\u00e4r<\/span><\/strong><\/p>\n<p><strong><span style=\"font-family: Telex; font-size: 14px;\">Stimmtherapie<\/span><\/strong><\/p>\n<p><strong><span style=\"font-family: Telex; font-size: 14px;\">Gesangs- und Stimmp\u00e4dagogik<\/span><\/strong>[\/vc_column_text][vc_column_text][\/vc_column_text][\/vc_column][vc_column width=&#8220;1\/3&#8243;][vc_single_image image=&#8220;7123&#8243;][\/vc_column][\/vc_row][vc_row][vc_column][vc_column_text][\/vc_column_text][vc_column_text css=&#8220;&#8220;]\n<p style=\"text-align: center;\"><span style=\"font-size: 14px; font-family: Telex;\">Alavoix Atemstimmen ist im 3. Stock mit Lift erreichbar<\/span><\/p>\n[\/vc_column_text][\/vc_column][\/vc_row]\n<\/div>","protected":false},"excerpt":{"rendered":"<p>[vc_row][vc_column css=&#8220;.vc_custom_1585239211942{padding-top: 24px !important;}&#8220;][vc_column_text font_family=&#8220;Julius Sans One&#8220; font_size=&#8220;28&#8243;]Herzlich willkommen bei Alavoix Atemstimmen[\/vc_column_text][\/vc_column][\/vc_row][vc_row][vc_column width=&#8220;1\/3&#8243;][vc_row_inner][vc_column_inner css=&#8220;.vc_custom_1553442082819{margin-top: 100px !important;}&#8220;][vc_column_text css=&#8220;.vc_custom_1765352392170{padding-left: 60px !important;}&#8220;]l\u00f6sen * entwickeln * heilen[\/vc_column_text][\/vc_column_inner][\/vc_row_inner][\/vc_column][vc_column width=&#8220;1\/3&#8243;][vc_column_text css=&#8220;&#8220;]Praxis und Atelier Komplement\u00e4rtherapie Atemtherapie Middendorf Ganzheitlich-integrative Atemtherapie (Institut f\u00fcr k\u00f6rperzentrierte Psychotherapie) Lebe in Frieden Ganzheitliche Lebensbegleitung Numerologie Supervision komplement\u00e4r Stimmtherapie Gesangs- und Stimmp\u00e4dagogik[\/vc_column_text][vc_column_text][\/vc_column_text][\/vc_column][vc_column width=&#8220;1\/3&#8243;][vc_single_image image=&#8220;7123&#8243;][\/vc_column][\/vc_row][vc_row][vc_column][vc_column_text][\/vc_column_text][vc_column_text css=&#8220;&#8220;] Alavoix Atemstimmen ist im&hellip;<\/p>\n","protected":false},"author":1,"featured_media":0,"parent":0,"menu_order":0,"comment_status":"closed","ping_status":"closed","template":"","meta":{"footnotes":""},"class_list":["post-2142","page","type-page","status-publish","hentry","entry","no-media"],"yoast_head":"<!-- This site is optimized with the Yoast SEO Premium plugin v27.3 (Yoast SEO v27.5) - https:\/\/yoast.com\/product\/yoast-seo-premium-wordpress\/ -->\n<title>Alavoix Atemstimmen: Willkommen!<\/title>\n<meta name=\"description\" content=\"Alavoix Atemstimmen, die gute Wahl seit 1996. Hier werden Sie geh\u00f6rt und gesehen. Ich freue mich, Sie kennenzu lernen Regina Steck\" \/>\n<meta name=\"robots\" content=\"index, follow, max-snippet:-1, max-image-preview:large, max-video-preview:-1\" \/>\n<link rel=\"canonical\" href=\"https:\/\/alavoix.com\/wp01\/\" \/>\n<meta property=\"og:locale\" content=\"de_DE\" \/>\n<meta property=\"og:type\" content=\"article\" \/>\n<meta property=\"og:title\" content=\"Alavoix Atemstimmen\" \/>\n<meta property=\"og:description\" content=\"Alavoix Atemstimmen, die gute Wahl seit 1996. Hier werden Sie geh\u00f6rt und gesehen. Ich freue mich, Sie kennenzu lernen Regina Steck\" \/>\n<meta property=\"og:url\" content=\"https:\/\/alavoix.com\/wp01\/\" \/>\n<meta property=\"og:site_name\" content=\"Atemtherapie Alavoix Atemstimmen\" \/>\n<meta property=\"article:publisher\" content=\"https:\/\/www.facebook.com\/Alavoix-atemstimmen-398439013575296\/\" \/>\n<meta property=\"article:modified_time\" content=\"2026-02-12T09:33:09+00:00\" \/>\n<meta name=\"twitter:card\" content=\"summary_large_image\" \/>\n<meta name=\"twitter:label1\" content=\"Gesch\u00e4tzte Lesezeit\" \/>\n\t<meta name=\"twitter:data1\" content=\"1\u00a0Minute\" \/>\n<script type=\"application\/ld+json\" class=\"yoast-schema-graph\">{\"@context\":\"https:\\\/\\\/schema.org\",\"@graph\":[{\"@type\":\"WebPage\",\"@id\":\"https:\\\/\\\/alavoix.com\\\/wp01\\\/\",\"url\":\"https:\\\/\\\/alavoix.com\\\/wp01\\\/\",\"name\":\"Alavoix Atemstimmen: Willkommen!\",\"isPartOf\":{\"@id\":\"https:\\\/\\\/alavoix.com\\\/wp01\\\/#website\"},\"datePublished\":\"2017-05-26T07:45:42+00:00\",\"dateModified\":\"2026-02-12T09:33:09+00:00\",\"description\":\"Alavoix Atemstimmen, die gute Wahl seit 1996. Hier werden Sie geh\u00f6rt und gesehen. Ich freue mich, Sie kennenzu lernen Regina Steck\",\"breadcrumb\":{\"@id\":\"https:\\\/\\\/alavoix.com\\\/wp01\\\/#breadcrumb\"},\"inLanguage\":\"de\",\"potentialAction\":[{\"@type\":\"ReadAction\",\"target\":[\"https:\\\/\\\/alavoix.com\\\/wp01\\\/\"]}]},{\"@type\":\"BreadcrumbList\",\"@id\":\"https:\\\/\\\/alavoix.com\\\/wp01\\\/#breadcrumb\",\"itemListElement\":[{\"@type\":\"ListItem\",\"position\":1,\"name\":\"Startseite\",\"item\":\"https:\\\/\\\/alavoix.com\\\/wp01\\\/\"},{\"@type\":\"ListItem\",\"position\":2,\"name\":\"Alavoix Atemstimmen\"}]},{\"@type\":\"WebSite\",\"@id\":\"https:\\\/\\\/alavoix.com\\\/wp01\\\/#website\",\"url\":\"https:\\\/\\\/alavoix.com\\\/wp01\\\/\",\"name\":\"Atemtherapie Alavoix Atemstimmen\",\"description\":\"Atemtherapie &amp; Gesangsstunden\",\"publisher\":{\"@id\":\"https:\\\/\\\/alavoix.com\\\/wp01\\\/#organization\"},\"potentialAction\":[{\"@type\":\"SearchAction\",\"target\":{\"@type\":\"EntryPoint\",\"urlTemplate\":\"https:\\\/\\\/alavoix.com\\\/wp01\\\/?s={search_term_string}\"},\"query-input\":{\"@type\":\"PropertyValueSpecification\",\"valueRequired\":true,\"valueName\":\"search_term_string\"}}],\"inLanguage\":\"de\"},{\"@type\":\"Organization\",\"@id\":\"https:\\\/\\\/alavoix.com\\\/wp01\\\/#organization\",\"name\":\"alavoix atemstimmen\",\"url\":\"https:\\\/\\\/alavoix.com\\\/wp01\\\/\",\"logo\":{\"@type\":\"ImageObject\",\"inLanguage\":\"de\",\"@id\":\"https:\\\/\\\/alavoix.com\\\/wp01\\\/#\\\/schema\\\/logo\\\/image\\\/\",\"url\":\"https:\\\/\\\/alavoix.com\\\/wp01\\\/wp-content\\\/uploads\\\/Logo_alavoix_atemstimmen_Pantone_Block.svg\",\"contentUrl\":\"https:\\\/\\\/alavoix.com\\\/wp01\\\/wp-content\\\/uploads\\\/Logo_alavoix_atemstimmen_Pantone_Block.svg\",\"width\":1,\"height\":1,\"caption\":\"alavoix atemstimmen\"},\"image\":{\"@id\":\"https:\\\/\\\/alavoix.com\\\/wp01\\\/#\\\/schema\\\/logo\\\/image\\\/\"},\"sameAs\":[\"https:\\\/\\\/www.facebook.com\\\/Alavoix-atemstimmen-398439013575296\\\/\"]}]}<\/script>\n<!-- \/ Yoast SEO Premium plugin. -->","yoast_head_json":{"title":"Alavoix Atemstimmen: Willkommen!","description":"Alavoix Atemstimmen, die gute Wahl seit 1996. Hier werden Sie geh\u00f6rt und gesehen. Ich freue mich, Sie kennenzu lernen Regina Steck","robots":{"index":"index","follow":"follow","max-snippet":"max-snippet:-1","max-image-preview":"max-image-preview:large","max-video-preview":"max-video-preview:-1"},"canonical":"https:\/\/alavoix.com\/wp01\/","og_locale":"de_DE","og_type":"article","og_title":"Alavoix Atemstimmen","og_description":"Alavoix Atemstimmen, die gute Wahl seit 1996. Hier werden Sie geh\u00f6rt und gesehen. Ich freue mich, Sie kennenzu lernen Regina Steck","og_url":"https:\/\/alavoix.com\/wp01\/","og_site_name":"Atemtherapie Alavoix Atemstimmen","article_publisher":"https:\/\/www.facebook.com\/Alavoix-atemstimmen-398439013575296\/","article_modified_time":"2026-02-12T09:33:09+00:00","twitter_card":"summary_large_image","twitter_misc":{"Gesch\u00e4tzte Lesezeit":"1\u00a0Minute"},"schema":{"@context":"https:\/\/schema.org","@graph":[{"@type":"WebPage","@id":"https:\/\/alavoix.com\/wp01\/","url":"https:\/\/alavoix.com\/wp01\/","name":"Alavoix Atemstimmen: Willkommen!","isPartOf":{"@id":"https:\/\/alavoix.com\/wp01\/#website"},"datePublished":"2017-05-26T07:45:42+00:00","dateModified":"2026-02-12T09:33:09+00:00","description":"Alavoix Atemstimmen, die gute Wahl seit 1996. Hier werden Sie geh\u00f6rt und gesehen. Ich freue mich, Sie kennenzu lernen Regina Steck","breadcrumb":{"@id":"https:\/\/alavoix.com\/wp01\/#breadcrumb"},"inLanguage":"de","potentialAction":[{"@type":"ReadAction","target":["https:\/\/alavoix.com\/wp01\/"]}]},{"@type":"BreadcrumbList","@id":"https:\/\/alavoix.com\/wp01\/#breadcrumb","itemListElement":[{"@type":"ListItem","position":1,"name":"Startseite","item":"https:\/\/alavoix.com\/wp01\/"},{"@type":"ListItem","position":2,"name":"Alavoix Atemstimmen"}]},{"@type":"WebSite","@id":"https:\/\/alavoix.com\/wp01\/#website","url":"https:\/\/alavoix.com\/wp01\/","name":"Atemtherapie Alavoix Atemstimmen","description":"Atemtherapie &amp; Gesangsstunden","publisher":{"@id":"https:\/\/alavoix.com\/wp01\/#organization"},"potentialAction":[{"@type":"SearchAction","target":{"@type":"EntryPoint","urlTemplate":"https:\/\/alavoix.com\/wp01\/?s={search_term_string}"},"query-input":{"@type":"PropertyValueSpecification","valueRequired":true,"valueName":"search_term_string"}}],"inLanguage":"de"},{"@type":"Organization","@id":"https:\/\/alavoix.com\/wp01\/#organization","name":"alavoix atemstimmen","url":"https:\/\/alavoix.com\/wp01\/","logo":{"@type":"ImageObject","inLanguage":"de","@id":"https:\/\/alavoix.com\/wp01\/#\/schema\/logo\/image\/","url":"https:\/\/alavoix.com\/wp01\/wp-content\/uploads\/Logo_alavoix_atemstimmen_Pantone_Block.svg","contentUrl":"https:\/\/alavoix.com\/wp01\/wp-content\/uploads\/Logo_alavoix_atemstimmen_Pantone_Block.svg","width":1,"height":1,"caption":"alavoix atemstimmen"},"image":{"@id":"https:\/\/alavoix.com\/wp01\/#\/schema\/logo\/image\/"},"sameAs":["https:\/\/www.facebook.com\/Alavoix-atemstimmen-398439013575296\/"]}]}},"_links":{"self":[{"href":"https:\/\/alavoix.com\/wp01\/wp-json\/wp\/v2\/pages\/2142","targetHints":{"allow":["GET"]}}],"collection":[{"href":"https:\/\/alavoix.com\/wp01\/wp-json\/wp\/v2\/pages"}],"about":[{"href":"https:\/\/alavoix.com\/wp01\/wp-json\/wp\/v2\/types\/page"}],"author":[{"embeddable":true,"href":"https:\/\/alavoix.com\/wp01\/wp-json\/wp\/v2\/users\/1"}],"replies":[{"embeddable":true,"href":"https:\/\/alavoix.com\/wp01\/wp-json\/wp\/v2\/comments?post=2142"}],"version-history":[{"count":86,"href":"https:\/\/alavoix.com\/wp01\/wp-json\/wp\/v2\/pages\/2142\/revisions"}],"predecessor-version":[{"id":7453,"href":"https:\/\/alavoix.com\/wp01\/wp-json\/wp\/v2\/pages\/2142\/revisions\/7453"}],"wp:attachment":[{"href":"https:\/\/alavoix.com\/wp01\/wp-json\/wp\/v2\/media?parent=2142"}],"curies":[{"name":"wp","href":"https:\/\/api.w.org\/{rel}","templated":true}]}}

<div class="wpb-content-wrapper">[vc_row][vc_column css=&#8220;.vc_custom_1585239211942{padding-top: 24px !important;}&#8220;][vc_column_text font_family=&#8220;Julius Sans One&#8220; font_size=&#8220;28&#8243;]<span style="font-family: Julius Sans One; font-size: 28px;">Herzlich willkommen bei Alavoix Atemstimmen</span>[/vc_column_text][/vc_column][/vc_row][vc_row][vc_column width=&#8220;1/3&#8243;][vc_row_inner][vc_column_inner css=&#8220;.vc_custom_1553442082819{margin-top: 100px !important;}&#8220;][vc_column_text css=&#8220;.vc_custom_1765352392170{padding-left: 60px !important;}&#8220;]lösen<br />
*<br />
entwickeln<br />
*<br />
heilen[/vc_column_text][/vc_column_inner][/vc_row_inner][/vc_column][vc_column width=&#8220;1/3&#8243;][vc_column_text css=&#8220;&#8220;]<strong><span style="font-family: Telex; font-size: 16px;">Praxis und Atelier</span></strong></p>
<p><span style="font-family: Telex; font-size: 14px;"><strong>Komplementärtherapie</strong></span><br />
<span style="font-family: Telex; font-size: 14px;">Atemtherapie Middendorf</span><br />
<span style="font-family: Telex; font-size: 14px;">Ganzheitlich-integrative Atemtherapie<br />
(Institut für körperzentrierte Psychotherapie)</span></p>
<p><span style="font-family: Telex; font-size: 14px;"><strong>Lebe in Frieden</strong></span><br />
<span style="font-family: Telex; font-size: 14px;">Ganzheitliche Lebensbegleitung</span></p>
<p><span style="font-family: Telex; font-size: 14px;"><strong>Numerologie</strong></span></p>
<p><strong><span style="font-family: Telex; font-size: 14px;">Supervision komplementär</span></strong></p>
<p><strong><span style="font-family: Telex; font-size: 14px;">Stimmtherapie</span></strong></p>
<p><strong><span style="font-family: Telex; font-size: 14px;">Gesangs- und Stimmpädagogik</span></strong>[/vc_column_text][vc_column_text][/vc_column_text][/vc_column][vc_column width=&#8220;1/3&#8243;][vc_single_image image=&#8220;7123&#8243;][/vc_column][/vc_row][vc_row][vc_column][vc_column_text][/vc_column_text][vc_column_text css=&#8220;&#8220;]
<p style="text-align: center;"><span style="font-size: 14px; font-family: Telex;">Alavoix Atemstimmen ist im 3. Stock mit Lift erreichbar</span></p>
[/vc_column_text][/vc_column][/vc_row]
</div>

<p>[vc_row][vc_column css=&#8220;.vc_custom_1585239211942{padding-top: 24px !important;}&#8220;][vc_column_text font_family=&#8220;Julius Sans One&#8220; font_size=&#8220;28&#8243;]Herzlich willkommen bei Alavoix Atemstimmen[/vc_column_text][/vc_column][/vc_row][vc_row][vc_column width=&#8220;1/3&#8243;][vc_row_inner][vc_column_inner css=&#8220;.vc_custom_1553442082819{margin-top: 100px !important;}&#8220;][vc_column_text css=&#8220;.vc_custom_1765352392170{padding-left: 60px !important;}&#8220;]lösen * entwickeln * heilen[/vc_column_text][/vc_column_inner][/vc_row_inner][/vc_column][vc_column width=&#8220;1/3&#8243;][vc_column_text css=&#8220;&#8220;]Praxis und Atelier Komplementärtherapie Atemtherapie Middendorf Ganzheitlich-integrative Atemtherapie (Institut für körperzentrierte Psychotherapie) Lebe in Frieden Ganzheitliche Lebensbegleitung Numerologie Supervision komplementär Stimmtherapie Gesangs- und Stimmpädagogik[/vc_column_text][vc_column_text][/vc_column_text][/vc_column][vc_column width=&#8220;1/3&#8243;][vc_single_image image=&#8220;7123&#8243;][/vc_column][/vc_row][vc_row][vc_column][vc_column_text][/vc_column_text][vc_column_text css=&#8220;&#8220;] Alavoix Atemstimmen ist im&hellip;</p>

<!-- This site is optimized with the Yoast SEO Premium plugin v27.3 (Yoast SEO v27.5) - https://yoast.com/product/yoast-seo-premium-wordpress/ -->
<title>Alavoix Atemstimmen: Willkommen!</title>
<meta name="description" content="Alavoix Atemstimmen, die gute Wahl seit 1996. Hier werden Sie gehört und gesehen. Ich freue mich, Sie kennenzu lernen Regina Steck" />
<meta name="robots" content="index, follow, max-snippet:-1, max-image-preview:large, max-video-preview:-1" />
<link rel="canonical" href="https://alavoix.com/wp01/" />
<meta property="og:locale" content="de_DE" />
<meta property="og:type" content="article" />
<meta property="og:title" content="Alavoix Atemstimmen" />
<meta property="og:description" content="Alavoix Atemstimmen, die gute Wahl seit 1996. Hier werden Sie gehört und gesehen. Ich freue mich, Sie kennenzu lernen Regina Steck" />
<meta property="og:url" content="https://alavoix.com/wp01/" />
<meta property="og:site_name" content="Atemtherapie Alavoix Atemstimmen" />
<meta property="article:publisher" content="https://www.facebook.com/Alavoix-atemstimmen-398439013575296/" />
<meta property="article:modified_time" content="2026-02-12T09:33:09+00:00" />
<meta name="twitter:card" content="summary_large_image" />
<meta name="twitter:label1" content="Geschätzte Lesezeit" />
	<meta name="twitter:data1" content="1 Minute" />
<script type="application/ld+json" class="yoast-schema-graph">{"@context":"https:\/\/schema.org","@graph":[{"@type":"WebPage","@id":"https:\/\/alavoix.com\/wp01\/","url":"https:\/\/alavoix.com\/wp01\/","name":"Alavoix Atemstimmen: Willkommen!","isPartOf":{"@id":"https:\/\/alavoix.com\/wp01\/#website"},"datePublished":"2017-05-26T07:45:42+00:00","dateModified":"2026-02-12T09:33:09+00:00","description":"Alavoix Atemstimmen, die gute Wahl seit 1996. Hier werden Sie gehört und gesehen. Ich freue mich, Sie kennenzu lernen Regina Steck","breadcrumb":{"@id":"https:\/\/alavoix.com\/wp01\/#breadcrumb"},"inLanguage":"de","potentialAction":[{"@type":"ReadAction","target":["https:\/\/alavoix.com\/wp01\/"]}]},{"@type":"BreadcrumbList","@id":"https:\/\/alavoix.com\/wp01\/#breadcrumb","itemListElement":[{"@type":"ListItem","position":1,"name":"Startseite","item":"https:\/\/alavoix.com\/wp01\/"},{"@type":"ListItem","position":2,"name":"Alavoix Atemstimmen"}]},{"@type":"WebSite","@id":"https:\/\/alavoix.com\/wp01\/#website","url":"https:\/\/alavoix.com\/wp01\/","name":"Atemtherapie Alavoix Atemstimmen","description":"Atemtherapie &amp; Gesangsstunden","publisher":{"@id":"https:\/\/alavoix.com\/wp01\/#organization"},"potentialAction":[{"@type":"SearchAction","target":{"@type":"EntryPoint","urlTemplate":"https:\/\/alavoix.com\/wp01\/?s={search_term_string}"},"query-input":{"@type":"PropertyValueSpecification","valueRequired":true,"valueName":"search_term_string"}}],"inLanguage":"de"},{"@type":"Organization","@id":"https:\/\/alavoix.com\/wp01\/#organization","name":"alavoix atemstimmen","url":"https:\/\/alavoix.com\/wp01\/","logo":{"@type":"ImageObject","inLanguage":"de","@id":"https:\/\/alavoix.com\/wp01\/#\/schema\/logo\/image\/","url":"https:\/\/alavoix.com\/wp01\/wp-content\/uploads\/Logo_alavoix_atemstimmen_Pantone_Block.svg","contentUrl":"https:\/\/alavoix.com\/wp01\/wp-content\/uploads\/Logo_alavoix_atemstimmen_Pantone_Block.svg","width":1,"height":1,"caption":"alavoix atemstimmen"},"image":{"@id":"https:\/\/alavoix.com\/wp01\/#\/schema\/logo\/image\/"},"sameAs":["https:\/\/www.facebook.com\/Alavoix-atemstimmen-398439013575296\/"]}]}</script>
<!-- / Yoast SEO Premium plugin. -->

Alavoix Atemstimmen, die gute Wahl seit 1996. Hier werden Sie gehört und gesehen. Ich freue mich, Sie kennenzu lernen Regina Steck
